19?
19
Calculate the highest common divisor of 457533 and 36279.
261
Calculate the greatest common divisor of 173784 and 3719352.
312
Calculate the highest common factor of 2313313 and 1829.
31
Calculate the highest common factor of 58375 and 56500.
125
What is the highest common factor of 3447 and 1131453621?
3447
Calculate the highest common factor of 935 and 10002341.
17
Calculate the greatest common factor of 63230 and 22720.
10
Calculate the greatest common divisor of 7664 and 351936628.
1916
Calculate the greatest common divisor of 1647672 and 1560.
312
Calculate the greatest common factor of 1079572 and 541383.
1597
Calculate the highest common divisor of 21 and 10982069.
7
Calculate the greatest common divisor of 1728 and 562437.
27
What is the highest common divisor of 30415970 and 13?
13
What is the greatest common divisor of 894 and 251663384?
298
Calculate the highest common divisor of 46367000 and 100.
100
Calculate the highest common divisor of 9203468 and 1668.
556
Calculate the greatest common divisor of 5 and 9344470.
5
What is the greatest common divisor of 21414925 and 70?
35
What is the greatest common divisor of 76 and 269348047?
19
What is the greatest common factor of 42 and 31830?
6
What is the highest common divisor of 140479 and 299543?
59
Calculate the highest common factor of 1319047 and 5015.
17
What is the greatest common divisor of 3720 and 354390450?
930
What is the greatest common divisor of 19606309 and 266?
19
Calculate the highest common divisor of 575024 and 31208.
664
What is the highest common factor of 798 and 122801826?
798
What is the greatest common factor of 344 and 818048?
8
What is the highest common factor of 108 and 73626876?
36
What is the greatest common divisor of 1610 and 1901704630?
1610
Calculate the highest common factor of 1160 and 3288484.
116
Calculate the greatest common divisor of 21207602 and 884.
442
Calculate the greatest common factor of 378920 and 8800.
40
What is the highest common factor of 695774147 and 4913?
4913
What is the highest common factor of 4605 and 27147?
3
What is the highest common factor of 125352498 and 246?
246
Calculate the highest common factor of 30718472 and 8.
8
Calculate the greatest common factor of 35819 and 570503.
17
Calculate the greatest common factor of 20176470 and 2628.
1314
What is the greatest common divisor of 62 and 12692919?
31
What is the greatest common divisor of 26782 and 93310?
14
What is the greatest common divisor of 38301910 and 456?
38
What is the greatest common factor of 126448536 and 1965?
393
Calculate the greatest common factor of 2945 and 13796185.
95
What is the greatest common factor of 220594464 and 576?
288
Calculate the greatest common factor of 2240898 and 105963.
627
What is the greatest common factor of 195100920 and 35?
35
What is the greatest common factor of 546 and 35666657?
13
Calculate the greatest common factor of 3426856 and 10146.
178
Calculate the greatest common divisor of 468872 and 24360.
232
Calculate the highest common divisor of 320 and 2044660.
20
Calculate the highest common divisor of 1236284 and 134804.
268
What is the highest common divisor of 68969 and 120?
1
Calculate the highest common divisor of 1570 and 32020.
10
Calculate the greatest common divisor of 72 and 438528072.
24
What is the highest common divisor of 272 and 135335028?
68
What is the highest common factor of 3967585 and 15?
5
Calculate the highest common divisor of 5180596 and 452476.
5084
Calculate the greatest common factor of 4606132 and 323.
19
What is the greatest common factor of 29 and 9521773?
29
What is the greatest common divisor of 23397539 and 53265?
3551
What is the highest common divisor of 5966724 and 197722?
974
What is the greatest common factor of 125 and 8413375?
125
What is the highest common divisor of 2048804 and 3341?
257
Calculate the greatest common factor of 18882 and 17406.
18
Calculate the highest common factor of 258434260 and 112.
28
Calculate the greatest common factor of 108 and 2966012.
4
Calculate the highest common divisor of 854 and 20293.
7
What is the highest common factor of 816 and 3922376?
136
Calculate the highest common factor of 3033350 and 6479.
589
What is the highest common factor of 36232549 and 636?
53
What is the greatest common divisor of 709973 and 87769?
869
Calculate the greatest common divisor of 24174 and 19687037.
1343
Calculate the greatest common divisor of 29 and 78949339.
29
What is the greatest common factor of 495431 and 10773699?
2567
Calculate the greatest common divisor of 4507761 and 10057.
89
What is the greatest common factor of 11529518 and 35035?
1001
What is the greatest common factor of 6 and 75900882?
6
What is the highest common factor of 160956 and 297?
9
Calculate the highest common divisor of 835371 and 13231.
101
What is the highest common divisor of 20977 and 106359?
11
What is the greatest common divisor of 3031062 and 7162170?
7914
What is the greatest common factor of 12649 and 1693993?
973
Calculate the highest common divisor of 4977658 and 1045.
19
What is the highest common factor of 544788 and 740?
148
What is the greatest common divisor of 171 and 18564387?
57
What is the highest common divisor of 64412670 and 560?
70
What is the highest common divisor of 50312 and 7560040?
2648
What is the greatest common factor of 765625 and 13?
1
What is the greatest common divisor of 52 and 8103342?
26
Calculate the greatest common divisor of 1478180 and 9020.
220
Calculate the greatest common factor of 314358560 and 680.
680
Calculate the greatest common divisor of 756 and 7857189.
27
What is the greatest common divisor of 3384 and 733032?
72
Calculate the highest common divisor of 1848 and 204579606.
462
Calculate the highest common factor of 63 and 17474709.
21
Calculate the greatest common divisor of 1067890 and 290.
10
Calculate the highest common factor of 259 and 4611887.
7
What is the greatest common factor of 775148 and 1343474?
1738
Calculate the greatest common factor of 42842228 and 44044.
6292
What is the greatest common divisor of 41286687 and 117?
39
What is the highest common factor of 265 and 282331?
53
What is the highest common factor of 1353540 and 7344?
204
What is the highest common divisor of 1019260 and 23452?
1804
Calculate the highest common factor of 3434 and 134198.
34
What is the greatest common divisor of 1620 and 6029280?
180
What is the greatest common divisor of 1133148 and 44856?
1068
What is the greatest common factor of 720 and 386820?
180
Calculate the highest common divisor of 23552 and 4847616.
1024
Calculate the highest common divisor of 72291901 and 385.
11
What is the greatest common factor of 2604134 and 7696?
962
Calculate the greatest common factor of 9341479 and 393.
131
Calculate the highest common factor of 4232 and 20305688.
184
What is the greatest common divisor of 8144992 and 11552?
32
What is the greatest common factor of 70075323 and 2988?
747
Calculate the greatest common divisor of 287 and 33251.
41
What is the greatest common factor of 49286 and 162125?
1297
Calculate the highest common factor of 1066 and 605406.
82
Calculate the greatest common divisor of 166 and 2646298.
2
Calculate the greatest common divisor of 7550 and 191532175.
3775
Calculate the greatest common divisor of 36 and 18249876.
36
What is the greatest common factor of 1146 and 485394?
6
Calculate the highest common divisor of 35 and 3032966615.
35
What is the greatest common divisor of 1457 and 3216157?
31
Calculate the greatest common factor of 4885662 and 12.
6
What is the greatest common divisor of 45 and 5286480?
15
What is the greatest common factor of 30 and 3350350?
10
Calculate the greatest common divisor of 15577950 and 9225.
3075
Calculate the highest common factor of 96 and 5451168.
96
Calculate the greatest common divisor of 17 and 9970381.
17
Calculate the greatest common divisor of 187199431 and 181.
181
Calculate the greatest common factor of 559697 and 548339.
631
Calculate the greatest common factor of 74427738 and 3080.
154
What is the greatest common factor of 224496 and 260784?
144
Calculate the highest common divisor of 36978 and 5538.
6
Calculate the greatest common divisor of 155617 and 57962366.
3311
Calcu